{"id":50,"date":"2023-12-10T11:31:35","date_gmt":"2023-12-10T10:31:35","guid":{"rendered":"http:\/\/lionofjudah.info\/?page_id=50"},"modified":"2026-02-11T21:57:01","modified_gmt":"2026-02-11T20:57:01","slug":"partnerschaft","status":"publish","type":"page","link":"https:\/\/lionofjudah.info\/?page_id=50","title":{"rendered":"Partnerschaft"},"content":{"rendered":"<style>.wp-block-kadence-advancedbtn.kb-btns50_519da8-fa{gap:var(--global-kb-gap-xs, 0.5rem );justify-content:center;align-items:center;}.kt-btns50_519da8-fa .kt-button{font-weight:normal;font-style:normal;}.kt-btns50_519da8-fa .kt-btn-wrap-0{margin-right:5px;}.wp-block-kadence-advancedbtn.kt-btns50_519da8-fa .kt-btn-wrap-0 .kt-button{color:#555555;border-color:#555555;}.wp-block-kadence-advancedbtn.kt-btns50_519da8-fa .kt-btn-wrap-0 .kt-button:hover, .wp-block-kadence-advancedbtn.kt-btns50_519da8-fa .kt-btn-wrap-0 .kt-button:focus{color:#ffffff;border-color:#444444;}.wp-block-kadence-advancedbtn.kt-btns50_519da8-fa .kt-btn-wrap-0 .kt-button::before{display:none;}.wp-block-kadence-advancedbtn.kt-btns50_519da8-fa .kt-btn-wrap-0 .kt-button:hover, .wp-block-kadence-advancedbtn.kt-btns50_519da8-fa .kt-btn-wrap-0 .kt-button:focus{background:#444444;}<\/style>\n<div class=\"wp-block-kadence-advancedbtn kb-buttons-wrap kb-btns50_519da8-fa\"><style>ul.menu .wp-block-kadence-advancedbtn .kb-btn50_cc2a71-2d.kb-button{width:initial;}<\/style><a class=\"kb-button kt-button button kb-btn50_cc2a71-2d kt-btn-size-small kt-btn-width-type-auto kb-btn-global-fill  kt-btn-has-text-true kt-btn-has-svg-false  wp-block-kadence-singlebtn\" href=\"https:\/\/churchathome.lion-of-judah.net\/\"><span class=\"kt-btn-inner-text\">Church@Home<\/span><\/a>\n\n<style>ul.menu .wp-block-kadence-advancedbtn .kb-btn50_3f60b7-e9.kb-button{width:initial;}<\/style><a class=\"kb-button kt-button button kb-btn50_3f60b7-e9 kt-btn-size-small kt-btn-width-type-auto kb-btn-global-fill  kt-btn-has-text-true kt-btn-has-svg-false  wp-block-kadence-singlebtn\" href=\"https:\/\/lion4israel.lion-of-judah.net\/\"><span class=\"kt-btn-inner-text\">Lion for Israel<\/span><\/a>\n\n<style>ul.menu .wp-block-kadence-advancedbtn .kb-btn50_45178a-b5.kb-button{width:initial;}<\/style><a class=\"kb-button kt-button button kb-btn50_45178a-b5 kt-btn-size-small kt-btn-width-type-auto kb-btn-global-fill  kt-btn-has-text-true kt-btn-has-svg-false  wp-block-kadence-singlebtn\" href=\"https:\/\/wohlergehen.lion-of-judah.net\/\"><span class=\"kt-btn-inner-text\">Wellness<\/span><\/a>\n\n<style>ul.menu .wp-block-kadence-advancedbtn .kb-btn50_417870-21.kb-button{width:initial;}<\/style><a class=\"kb-button kt-button button kb-btn50_417870-21 kt-btn-size-small kt-btn-width-type-auto kb-btn-global-fill  kt-btn-has-text-true kt-btn-has-svg-false  wp-block-kadence-singlebtn\" href=\"https:\/\/jugend.lion-of-judah.net\/\"><span class=\"kt-btn-inner-text\">Jugend<\/span><\/a>\n\n<style>ul.menu .wp-block-kadence-advancedbtn .kb-btn50_2aa922-4d.kb-button{width:initial;}<\/style><a class=\"kb-button kt-button button kb-btn50_2aa922-4d kt-btn-size-small kt-btn-width-type-auto kb-btn-global-fill  kt-btn-has-text-true kt-btn-has-svg-false  wp-block-kadence-singlebtn\" href=\"https:\/\/senioren.lion-of-judah.net\/\"><span class=\"kt-btn-inner-text\">Senioren<\/span><\/a>\n\n<style>ul.menu .wp-block-kadence-advancedbtn .kb-btn50_f2737f-ac.kb-button{width:initial;}<\/style><a class=\"kb-button kt-button button kb-btn50_f2737f-ac kt-btn-size-small kt-btn-width-type-auto kb-btn-global-fill  kt-btn-has-text-true kt-btn-has-svg-false  wp-block-kadence-singlebtn\" href=\"https:\/\/frau.lion-of-judah.net\/\"><span class=\"kt-btn-inner-text\">Frauen<\/span><\/a>\n\n<style>ul.menu .wp-block-kadence-advancedbtn .kb-btn50_3fb295-89.kb-button{width:initial;}<\/style><a class=\"kb-button kt-button button kb-btn50_3fb295-89 kt-btn-size-small kt-btn-width-type-auto kb-btn-global-fill  kt-btn-has-text-true kt-btn-has-svg-false  wp-block-kadence-singlebtn\" href=\"https:\/\/mann.lion-of-judah.net\/\"><span class=\"kt-btn-inner-text\">M\u00e4nner<\/span><\/a>\n\n<style>ul.menu .wp-block-kadence-advancedbtn .kb-btn50_6e2a0b-b7.kb-button{width:initial;}<\/style><a class=\"kb-button kt-button button kb-btn50_6e2a0b-b7 kt-btn-size-small kt-btn-width-type-auto kb-btn-global-fill  kt-btn-has-text-true kt-btn-has-svg-false  wp-block-kadence-singlebtn\" href=\"https:\/\/gebet.lion-of-judah.net\/\"><span class=\"kt-btn-inner-text\">Gebet<\/span><\/a>\n\n<style>ul.menu .wp-block-kadence-advancedbtn .kb-btn50_a33bd2-b5.kb-button{width:initial;}.kb-btn50_a33bd2-b5.kb-button .kb-svg-icon-wrap{font-size:60px;--kb-button-icon-size:60px;}<\/style><a class=\"kb-button kt-button button kb-btn50_a33bd2-b5 kt-btn-size-small kt-btn-width-type-auto kb-btn-global-fill  kt-btn-has-text-true kt-btn-has-svg-false  wp-block-kadence-singlebtn\" href=\"https:\/\/sucht.lion-of-judah.net\/\"><span class=\"kt-btn-inner-text\">S\u00fcchte<\/span><\/a>\n\n<style>ul.menu .wp-block-kadence-advancedbtn .kb-btn50_f04158-a8.kb-button{width:initial;}<\/style><a class=\"kb-button kt-button button kb-btn50_f04158-a8 kt-btn-size-small kt-btn-width-type-auto kb-btn-global-fill  kt-btn-has-text-true kt-btn-has-svg-false  wp-block-kadence-singlebtn\" href=\"https:\/\/gefangen.lion-of-judah.net\/\"><span class=\"kt-btn-inner-text\">Gefangene<\/span><\/a>\n\n<style>ul.menu .wp-block-kadence-advancedbtn .kb-btn50_120e57-f1.kb-button{width:initial;}<\/style><a class=\"kb-button kt-button button kb-btn50_120e57-f1 kt-btn-size-small kt-btn-width-type-auto kb-btn-global-fill  kt-btn-has-text-true kt-btn-has-svg-false  wp-block-kadence-singlebtn\" href=\"https:\/\/lobpreis.lion-of-judah.net\/\"><span class=\"kt-btn-inner-text\">Lobpreis<\/span><\/a>\n\n<style>ul.menu .wp-block-kadence-advancedbtn .kb-btn50_971dd6-0d.kb-button{width:initial;}<\/style><a class=\"kb-button kt-button button kb-btn50_971dd6-0d kt-btn-size-small kt-btn-width-type-auto kb-btn-global-fill  kt-btn-has-text-true kt-btn-has-svg-false  wp-block-kadence-singlebtn\" href=\"https:\/\/mm.lion-of-judah.net\/\"><span class=\"kt-btn-inner-text\">Biker<\/span><\/a><\/div>\n\n\n<style>.wp-block-kadence-spacer.kt-block-spacer-50_98e558-a5 .kt-block-spacer{height:51px;}.wp-block-kadence-spacer.kt-block-spacer-50_98e558-a5 .kt-divider{border-top-width:1px;height:1px;border-top-color:#eee;width:80%;border-top-style:solid;}<\/style>\n<div class=\"wp-block-kadence-spacer aligncenter kt-block-spacer-50_98e558-a5\"><div class=\"kt-block-spacer kt-block-spacer-halign-center\"><hr class=\"kt-divider\"\/><\/div><\/div>\n\n\n\n<div class=\"wp-block-group\"><div class=\"wp-block-group__inner-container is-layout-constrained wp-block-group-is-layout-constrained\">\n<div class=\"wp-block-columns is-layout-flex wp-container-core-columns-is-layout-9d6595d7 wp-block-columns-is-layout-flex\">\n<div class=\"wp-block-column is-layout-flow wp-block-column-is-layout-flow\" style=\"flex-basis:50%\">\n<h1 class=\"wp-block-heading\">H\u00e4ufig gestellte Fragen<\/h1>\n<\/div>\n\n\n\n<div class=\"wp-block-column is-layout-flow wp-block-column-is-layout-flow\" style=\"flex-basis:50%\"><style>.wp-block-kadence-advancedbtn.kb-btns50_72da94-7d{gap:var(--global-kb-gap-xs, 0.5rem );justify-content:flex-end;align-items:center;}.kt-btns50_72da94-7d .kt-button{font-weight:normal;font-style:normal;}.kt-btns50_72da94-7d .kt-btn-wrap-0{margin-right:5px;}.wp-block-kadence-advancedbtn.kt-btns50_72da94-7d .kt-btn-wrap-0 .kt-button{color:#555555;border-color:#555555;}.wp-block-kadence-advancedbtn.kt-btns50_72da94-7d .kt-btn-wrap-0 .kt-button:hover, .wp-block-kadence-advancedbtn.kt-btns50_72da94-7d .kt-btn-wrap-0 .kt-button:focus{color:#ffffff;border-color:#444444;}.wp-block-kadence-advancedbtn.kt-btns50_72da94-7d .kt-btn-wrap-0 .kt-button::before{display:none;}.wp-block-kadence-advancedbtn.kt-btns50_72da94-7d .kt-btn-wrap-0 .kt-button:hover, .wp-block-kadence-advancedbtn.kt-btns50_72da94-7d .kt-btn-wrap-0 .kt-button:focus{background:#444444;}<\/style>\n<div class=\"wp-block-kadence-advancedbtn kb-buttons-wrap kb-btns50_72da94-7d\"><style>ul.menu .wp-block-kadence-advancedbtn .kb-btn50_79dee6-a0.kb-button{width:initial;}<\/style><a class=\"kb-button kt-button button kb-btn50_79dee6-a0 kt-btn-size-standard kt-btn-width-type-auto kb-btn-global-fill  kt-btn-has-text-true kt-btn-has-svg-false  wp-block-kadence-singlebtn\" href=\"http:\/\/lionofjudah.info\/?page_id=41\"><span class=\"kt-btn-inner-text\">zur\u00fcck zur Startseite<\/span><\/a><\/div>\n<\/div>\n<\/div>\n\n\n<style>.kb-table-of-content-nav.kb-table-of-content-id50_184899-52 .kb-table-of-content-wrap{padding-top:var(--global-kb-spacing-sm, 1.5rem);padding-right:var(--global-kb-spacing-sm, 1.5rem);padding-bottom:var(--global-kb-spacing-sm, 1.5rem);padding-left:var(--global-kb-spacing-sm, 1.5rem);}.kb-table-of-content-nav.kb-table-of-content-id50_184899-52 .kb-table-of-contents-title-wrap{padding-top:0px;padding-right:0px;padding-bottom:0px;padding-left:0px;}.kb-table-of-content-nav.kb-table-of-content-id50_184899-52 .kb-table-of-contents-title{font-weight:regular;font-style:normal;}.kb-table-of-content-nav.kb-table-of-content-id50_184899-52 .kb-table-of-content-wrap .kb-table-of-content-list{font-weight:regular;font-style:normal;margin-top:var(--global-kb-spacing-sm, 1.5rem);margin-right:0px;margin-bottom:0px;margin-left:0px;}<\/style><\/div><\/div>\n\n\n<style>.wp-block-kadence-spacer.kt-block-spacer-50_934130-36 .kt-block-spacer{height:60px;}.wp-block-kadence-spacer.kt-block-spacer-50_934130-36 .kt-divider{border-top-width:1px;height:1px;border-top-color:#eee;width:80%;border-top-style:solid;}<\/style>\n<div class=\"wp-block-kadence-spacer aligncenter kt-block-spacer-50_934130-36\"><div class=\"kt-block-spacer kt-block-spacer-halign-center\"><hr class=\"kt-divider\"\/><\/div><\/div>\n\n\n\n<div class=\"wp-block-group\"><div class=\"wp-block-group__inner-container is-layout-constrained wp-block-group-is-layout-constrained\">\n<h4 class=\"wp-block-heading\" id=\"Warum-Partnerschaft\"><a>Warum eine Partnerschaft &#8211; oder besser ausgedr\u00fcckt, warum zu einem Teil der L\u00f6wen Familie werden?<\/a><\/h4>\n\n\n\n<p>Wir nennen es hier &#8222;Partnerschaft&#8220; &#8211; im griechischen Urtext des neuen Testaments steht das Wort <strong>&#8222;ekklaesia&#8220;<\/strong> was gemeinhin mit Kirche \u00fcbersetzt wird, aber eigentlich \u00fcberhaupt nichts mit Geb\u00e4uden und Mauern zu tun hat.<br>Besser ist da schon die \u00dcbersetzung mit Gemeinde, jedoch urspr\u00fcnglich versteht sich ekklaesia als eine <strong>Versammlung \/ Zusammenkunft<\/strong> von Leuten &#8211; und in biblischem Sinn als eine Versammlung von Menschen die <strong>Jesus Christus<\/strong> als ihren pers\u00f6nlichen <strong>Erl\u00f6ser und Herrn<\/strong> angenommen haben.<br><br>Bis vor wenigen Jahren war dieses &#8222;ekklesia&#8220; nur lokal m\u00f6glich, durch Technik wie Telefon und Internet aber auch die modernen Verkehrsmittel hat sich dies ge\u00e4ndert.<br><br>Die Entscheidung, diesen Jesus aus der Bibel, als <strong>Deinen Herrn<\/strong> zu bekennen und Dich so, mit allen &#8222;Rechten und Pflichten&#8220;, zu diesem &#8222;Leib Christi&#8220; zugeh\u00f6rig f\u00fchlst, ist <strong>die einzige Voraussetzung<\/strong> die Du erf\u00fcllen solltest, um Teil von Lion of Judah zu werden.<br><br>Laut Gottes Wort <small>(z.B. Apostelgeschichte Kapitel 2, Vers 42)<\/small> ist die Gemeinschaft der Christen untereinander ein unverzichtbares Merkmal der Gemeinde Jesu &#8211; und das aus vielen guten Gr\u00fcnden.<br>Einige sind schon auf der Startseite erw\u00e4hnt worden wie zum Beispiel dass laut der Bibel <strong>alle<\/strong> Kinder Gottes gemeinsam <strong>ein<\/strong> Leib sind<small> (R\u00f6merbrief 12, 5)<\/small> und ein gesunder, funktionierender K\u00f6rper aus vielen, harmonisch mit- und zusammenarbeitenden Teilen besteht &#8211; kein Glied kann alleine existieren.<br><br>Aber die Gemeinschaft dient auch unserem ganz pers\u00f6nlichen Schutz. Die Bibel steckt von Anfang bis Ende voller Hinweise, dass ein einzelner auf Dauer nicht bestehen kann, sondern zwangsl\u00e4ufig zu Fall kommt. Als Christen sind wir keine erfolgreichen Einzelk\u00e4mpfer &#8211; zumindest nicht sehr lange.<br>Selbst die ersten Apostel sind, auf die Anweisung von Jesus hin, nicht allein losgezogen, sondern hatten immer gl\u00e4ubige Geschwister in ihrer Begleitung.<br><br>Auch wenn wir die ganze Waffenr\u00fcstung Gottes <small>(vergl. Epheser Kapitel 6, die Verse 11 &#8211; 17)<\/small> angelegt &#8211; und den Umgang mit ihr gelernt haben &#8211; unser R\u00fccken ist immer noch ungesch\u00fctzt! <br>Wir alle brauchen einen Bruder oder eine Schwester damit wir uns gegenseitig vor allen Angriffen von hinten sch\u00fctzen k\u00f6nnen; einen Menschen der uns Deckung gibt und uns wieder auf die Beine hilft wenn wir st\u00fcrzen.<\/p>\n\n\n\n<p><strong>Die Gemeinschaft miteinander<\/strong> &#8211; sei es pers\u00f6nlich, im Gebet oder die Verbindung \u00fcber E-Mail, Internet, Telefon und Post <strong>bedeutet f\u00fcr jeden von uns:<\/strong><\/p>\n\n\n\n<ul class=\"wp-block-list\">\n<li>die Bereicherung, schon auf &#8222;dieser Welt&#8220; einen Teil <strong>unserer ewigen Familie<\/strong> kennen lernen zu k\u00f6nnen<\/li>\n\n\n\n<li>sowie <strong>einen Beistand und Schutz<\/strong>, genau in &#8222;diesem Leben&#8220; wo wir es noch brauchen und auch f\u00fcr einander da sein k\u00f6nnen!<\/li>\n<\/ul>\n<\/div><\/div>\n\n\n<style>.wp-block-kadence-spacer.kt-block-spacer-50_a20a09-fa .kt-block-spacer{height:60px;}.wp-block-kadence-spacer.kt-block-spacer-50_a20a09-fa .kt-divider{border-top-width:1px;height:1px;border-top-color:#eee;width:80%;border-top-style:solid;}<\/style>\n<div class=\"wp-block-kadence-spacer aligncenter kt-block-spacer-50_a20a09-fa\"><div class=\"kt-block-spacer kt-block-spacer-halign-center\"><hr class=\"kt-divider\"\/><\/div><\/div>\n\n\n\n<h4 class=\"wp-block-heading\" id=\"Gemeinde\"><a>Ich geh\u00f6re doch schon zu einer Gemeinde oder Kirche!<\/a><\/h4>\n\n\n\n<p>Super, es ist ja auch biblisch als Christ zu einer \u00f6rtlichen Gemeinde zu geh\u00f6ren, die meisten von uns tun das ebenfalls und alle anderen k\u00f6nnen wir nur dazu ermutigen.<br><br>Wir wollen und k\u00f6nnen keine lokale Gemeinde ersetzen sondern m\u00f6chten allen, &#8222;die mit an Gottes Reich bauen&#8220;, dienen und uns gegenseitig unterst\u00fctzen. Dieser &#8222;Leib Jesu&#8220; zu dem wir gemeinsam geh\u00f6ren, ist nicht auf ein Dorf, eine Stadt oder ein Land beschr\u00e4nkt &#8211; er erstreckt sich um rund die ganze Welt.<br>Wir haben Br\u00fcder und Schwestern in allen Nationen, vielen davon geht es bei weitem nicht so gut wie uns, und sie w\u00e4ren f\u00fcr unseren Beistand dankbar. Manche werden verfolgt und wegen ihres Bekenntnisses zu Jesus Christus sogar mit dem Tode bedroht &#8211; aber jeder von ihnen ist ein Teil unserer eigenen Familie und so eine Bereicherung f\u00fcr uns selbst!<br><br>Unmittelbar bevor Jesus in den Himmel aufgefahren ist um sich dort als, der L\u00f6we aus dem Stamme Judah, auf seinen Thron zu setzen, gab Er seinen treu gebliebenen J\u00fcngern noch einen letzten Auftrag: Geht hin in die ganze Welt und predigt das Evangelium der ganzen Sch\u00f6pfung! <small>(Markus Kapitel 16, Vers 15) <\/small>.<br>Ja, dass das Evangelium bis an die Enden der ganzen Welt gepredigt wird ist sogar eine Bedingung f\u00fcr die Wiederkehr Jesus <small>(Matth\u00e4us Kapitel 24, Vers 14 )<\/small> . <br>Klar kann und soll jetzt nicht jeder von uns den Job hinschmei\u00dfen, die Familie verlassen und losziehen &#8230; aber &#8211; alle die sich zu Christus bekennen haben den Auftrag ihren Teil an diesem Werk beizutragen!<\/p>\n\n\n<style>.wp-block-kadence-spacer.kt-block-spacer-50_05435f-a1 .kt-block-spacer{height:60px;}.wp-block-kadence-spacer.kt-block-spacer-50_05435f-a1 .kt-divider{border-top-width:1px;height:1px;border-top-color:#eee;width:80%;border-top-style:solid;}<\/style>\n<div class=\"wp-block-kadence-spacer aligncenter kt-block-spacer-50_05435f-a1\"><div class=\"kt-block-spacer kt-block-spacer-halign-center\"><hr class=\"kt-divider\"\/><\/div><\/div>\n\n\n\n<h4 class=\"wp-block-heading\" id=\"Alter\">Ich bin doch zu alt oder zu jung<\/h4>\n\n\n\n<p>Derzeit ist unser j\u00fcngstes Mitglied gerade mal 20 und unser \u00e4ltestes kam schon 1933 in diese Welt.<br>Und da gibt&#8217;s sowohl nach oben als auch nach unten noch eine Menge Luft! &#8211; <strong>Also los, wir freuen uns darauf Dich kennenzulernen!<\/strong><\/p>\n\n\n<style>.wp-block-kadence-spacer.kt-block-spacer-50_371d72-96 .kt-block-spacer{height:60px;}.wp-block-kadence-spacer.kt-block-spacer-50_371d72-96 .kt-divider{border-top-width:1px;height:1px;border-top-color:#eee;width:80%;border-top-style:solid;}<\/style>\n<div class=\"wp-block-kadence-spacer aligncenter kt-block-spacer-50_371d72-96\"><div class=\"kt-block-spacer kt-block-spacer-halign-center\"><hr class=\"kt-divider\"\/><\/div><\/div>\n\n\n\n<h4 class=\"wp-block-heading\" id=\"Warum-12\"><a>Warum gerade 12?<\/a><\/h4>\n\n\n\n<p>12 Euro <strong>Jahresbeitrag<\/strong> sind eigentlich mehr ein symbolischer Betrag.<br>Das Wichtigste war uns allen, keinen Menschen der zu Lion of Judah geh\u00f6ren will wegen Finanzmangel auszuschlie\u00dfen &#8211; und einen Euro im Monat wird jeder Sch\u00fcler aufbringen k\u00f6nnen. Dass dieser Betrag nicht mal die Verwaltungskosten f\u00fcr die Mitglieder deckt ist dabei zweitrangig. <br>Ebenso gibt es Menschen sagen, ich bin bereit auch monatlich diese 12 Euro oder mehr einzubringen, da bin ich ja schon verpflichtet mehr an Rundfunkgeb\u00fchren zu zahlen.<br>Wir vertrauen einfach darauf, dass unser Herr Jesus auch in der Lage ist Seinen Dienst zu versorgen.<br><br><strong>Die Zw\u00f6lf <\/strong>ist eine Zahl der Vollendung. Sie bedeutet auch Vollkommenheit der Regierung oder der staatlichen Perfektion. <br>Unser Jahr hat 12 Monate mit 12 Mondzyklen, es sind 12 Tierkreiszeichen. <br>Jeder Tag und jede Nacht werden in 12 Stunden eingeteilt, auch eine Oktave besteht aus 12 Halbtonschritten. <br>Die 12 findet sich seit vorgeschichtlicher Zeit als mythische Zahl in vielen Kulturen rund um den Globus.<br><br>Aber die Zahl 12 hat auch eine besondere biblische Bedeutung. <br>Ja, sie zieht sich buchst\u00e4blich vom Anfang des Bundesvolkes Gottes, den 12 St\u00e4mmen Israels \u00fcber das erste Auftreten unseres Herrn Jesus in der \u00d6ffentlichkeit mit 12 Jahren (Lukas Kapitel 2, Vers 42 ), seinen 12 J\u00fcngern und den Aposteln bis in die ferne Zukunft.<br>Dem Erscheinen des himmlischen Jerusalems, mit seinen 12 Grundsteinen, geschm\u00fcckt mit 12 Sorten von Edelsteinen, seinen 12 Toren aus 12 Perlen mit 12 Engeln daran, seinen Ma\u00dfen von 12000 Stadien und seiner Mauer von 144 (12 x 12) Ellen (Offenbarung Kapitel 21), durch die ganze Bibel. <br>Ach ja, auch die B\u00e4ume des Lebens werden 12 mal im Jahr Frucht tragen :-).<br><br>Das sind nur einige Hinweise und k\u00f6nnen nat\u00fcrlich durch viele weitere Bibelstellen erg\u00e4nzt werden. <br>Es soll Dir nur einen kleines Verst\u00e4ndnis geben, warum der heilige Geist die Zahl 12 f\u00fcr die Mitgliedschaft &#8222;in unser Ohr gefl\u00fcstert hat&#8220;. <br>Alles was Du hier auf diesen Seiten liest, wurde und wird in enger Zusammenarbeit mit dem einen wahren Gott der auch heute durch seinen Heiligen Geist hier auf Erden erfahrbar ist, formuliert und gestaltet. <br>Falls Du Anregungen oder Verbesserungsvorschl\u00e4ge hast&#8230; kontaktiere uns, wir sind f\u00fcr jede Hilfe dankbar und wenn es sein Wille ist, werden wir versuchen es schnellst m\u00f6glich umzusetzen.<\/p>\n\n\n<style>.wp-block-kadence-spacer.kt-block-spacer-50_5836e4-b4 .kt-block-spacer{height:60px;}.wp-block-kadence-spacer.kt-block-spacer-50_5836e4-b4 .kt-divider{border-top-width:1px;height:1px;border-top-color:#eee;width:80%;border-top-style:solid;}<\/style>\n<div class=\"wp-block-kadence-spacer aligncenter kt-block-spacer-50_5836e4-b4\"><div class=\"kt-block-spacer kt-block-spacer-halign-center\"><hr class=\"kt-divider\"\/><\/div><\/div>\n\n\n\n<h4 class=\"wp-block-heading\"><a>Zu was verpflichtet mich das?<\/a><\/h4>\n\n\n\n<p> Au\u00dfer deinen 12 Euro Jahresbeitrag zu rein gar nichts!<br><br>Alles was Du f\u00fcr &#8211; und mit Lion of Judah tun m\u00f6chtest geschieht auf freiwilliger Basis, f\u00fcr Gott hat nichts einen Wert &#8211; au\u00dfer du tust es von dir aus!<br><br><strong>So stellt sich f\u00fcr Dich die Frage, warum nicht?!&#8230;<\/strong> bitte bete, ob es nicht vielleicht auch f\u00fcr Dich an der Zeit ist, zusammen mit uns, das Reich Gottes durch diesen Dienst voran zu bringen.<br>Werde ein Teil dieses Werkes unseres Herrn Jesus Christus, sei mit durch unser Gebetsteam abgedeckt, wachse gemeinsam mit uns im Glauben und erlebe es immer mehr im Segen zu leben.<br>Vielen Dank, Geliebte(r) des Herrn, dass Du dar\u00fcber nachdenkst!<\/p>\n\n\n<style>.wp-block-kadence-spacer.kt-block-spacer-50_7fb20b-57 .kt-block-spacer{height:60px;}.wp-block-kadence-spacer.kt-block-spacer-50_7fb20b-57 .kt-divider{border-top-width:1px;height:1px;border-top-color:#eee;width:80%;border-top-style:solid;}<\/style>\n<div class=\"wp-block-kadence-spacer aligncenter kt-block-spacer-50_7fb20b-57\"><div class=\"kt-block-spacer kt-block-spacer-halign-center\"><hr class=\"kt-divider\"\/><\/div><\/div>\n\n\n\n<h4 class=\"wp-block-heading\"><a>Antrag auf Partnerschaft<\/a><\/h4>\n\n\n\n<p>Der untenstehende Link f\u00fchrt Dich zu unserem Partnerantrag im PDF Format. Du kannst Ihn mit dem kostenlosen Adobe PDF Reader an Deinem Computer ausf\u00fcllen und danach ausdrucken oder gleich drucken und von Hand ausf\u00fcllen.<br>Solltest du Schwierigkeiten damit haben melde dich kurz bei uns, telefonisch oder \u00fcber das <a href=\"http:\/\/lionofjudah.info\/?page_id=87\" data-type=\"page\" data-id=\"87\">Kontaktformular<\/a>.<\/p>\n\n\n\n<p><br><a href=\"https:\/\/www.lion-of-judah.info\/download\/d\/partnerDE.pdf\" target=\"_blank\" rel=\"noreferrer noopener\">Den Partnerantrag \u00f6ffnen<\/a><\/p>\n\n\n<style>.wp-block-kadence-spacer.kt-block-spacer-50_871f41-95 .kt-block-spacer{height:60px;}.wp-block-kadence-spacer.kt-block-spacer-50_871f41-95 .kt-divider{border-top-width:1px;height:1px;border-top-color:#eee;width:80%;border-top-style:solid;}<\/style>\n<div class=\"wp-block-kadence-spacer aligncenter kt-block-spacer-50_871f41-95\"><div class=\"kt-block-spacer kt-block-spacer-halign-center\"><hr class=\"kt-divider\"\/><\/div><\/div>\n\n\n<style>.wp-block-kadence-advancedbtn.kb-btns50_5f5e0d-40{gap:var(--global-kb-gap-xs, 0.5rem );justify-content:center;align-items:center;}.kt-btns50_5f5e0d-40 .kt-button{font-weight:normal;font-style:normal;}.kt-btns50_5f5e0d-40 .kt-btn-wrap-0{margin-right:5px;}.wp-block-kadence-advancedbtn.kt-btns50_5f5e0d-40 .kt-btn-wrap-0 .kt-button{color:#555555;border-color:#555555;}.wp-block-kadence-advancedbtn.kt-btns50_5f5e0d-40 .kt-btn-wrap-0 .kt-button:hover, .wp-block-kadence-advancedbtn.kt-btns50_5f5e0d-40 .kt-btn-wrap-0 .kt-button:focus{color:#ffffff;border-color:#444444;}.wp-block-kadence-advancedbtn.kt-btns50_5f5e0d-40 .kt-btn-wrap-0 .kt-button::before{display:none;}.wp-block-kadence-advancedbtn.kt-btns50_5f5e0d-40 .kt-btn-wrap-0 .kt-button:hover, .wp-block-kadence-advancedbtn.kt-btns50_5f5e0d-40 .kt-btn-wrap-0 .kt-button:focus{background:#444444;}<\/style>\n<div class=\"wp-block-kadence-advancedbtn kb-buttons-wrap kb-btns50_5f5e0d-40\"><style>ul.menu .wp-block-kadence-advancedbtn .kb-btn50_8c5667-3f.kb-button{width:initial;}<\/style><a class=\"kb-button kt-button button kb-btn50_8c5667-3f kt-btn-size-standard kt-btn-width-type-auto kb-btn-global-fill  kt-btn-has-text-true kt-btn-has-svg-false  wp-block-kadence-singlebtn\" href=\"http:\/\/lionofjudah.info\/?page_id=41\"><span class=\"kt-btn-inner-text\">zur\u00fcck zur Startseite<\/span><\/a><\/div>\n","protected":false},"excerpt":{"rendered":"<p>H\u00e4ufig gestellte Fragen Warum eine Partnerschaft &#8211; oder besser ausgedr\u00fcckt, warum zu einem Teil der L\u00f6wen Familie werden? Wir nennen es hier &#8222;Partnerschaft&#8220; &#8211; im griechischen Urtext des neuen Testaments steht das Wort &#8222;ekklaesia&#8220; was gemeinhin mit Kirche \u00fcbersetzt wird, aber eigentlich \u00fcberhaupt nichts mit Geb\u00e4uden und Mauern zu tun hat.Besser ist da schon die&#8230;<\/p>\n","protected":false},"author":1,"featured_media":0,"parent":0,"menu_order":0,"comment_status":"closed","ping_status":"closed","template":"","meta":{"_kad_post_transparent":"","_kad_post_title":"","_kad_post_layout":"","_kad_post_sidebar_id":"","_kad_post_content_style":"","_kad_post_vertical_padding":"","_kad_post_feature":"","_kad_post_feature_position":"","_kad_post_header":true,"_kad_post_footer":false,"_kad_post_classname":"","footnotes":""},"class_list":["post-50","page","type-page","status-publish","hentry"],"_links":{"self":[{"href":"https:\/\/lionofjudah.info\/index.php?rest_route=\/wp\/v2\/pages\/50","targetHints":{"allow":["GET"]}}],"collection":[{"href":"https:\/\/lionofjudah.info\/index.php?rest_route=\/wp\/v2\/pages"}],"about":[{"href":"https:\/\/lionofjudah.info\/index.php?rest_route=\/wp\/v2\/types\/page"}],"author":[{"embeddable":true,"href":"https:\/\/lionofjudah.info\/index.php?rest_route=\/wp\/v2\/users\/1"}],"replies":[{"embeddable":true,"href":"https:\/\/lionofjudah.info\/index.php?rest_route=%2Fwp%2Fv2%2Fcomments&post=50"}],"version-history":[{"count":4,"href":"https:\/\/lionofjudah.info\/index.php?rest_route=\/wp\/v2\/pages\/50\/revisions"}],"predecessor-version":[{"id":4228,"href":"https:\/\/lionofjudah.info\/index.php?rest_route=\/wp\/v2\/pages\/50\/revisions\/4228"}],"wp:attachment":[{"href":"https:\/\/lionofjudah.info\/index.php?rest_route=%2Fwp%2Fv2%2Fmedia&parent=50"}],"curies":[{"name":"wp","href":"https:\/\/api.w.org\/{rel}","templated":true}]}}